296386. Calculate x(34).
-8
Let g(h) = 95*h**2 + 42372*h + 43169. Calculate g(-445).
4
Let g(p) = -25803*p + 1393358. What is g(54)?
-4
Let w(i) = i**2 + 991*i + 6173. Determine w(-6).
263
Let f(b) = 589*b - 1177. Calculate f(1).
-588
Let r(n) = 3*n**3 - 3779*n**2 - 1260*n + 16. Determine r(1260).
16
Let x(h) = 2*h**2 + 9108*h - 72960. Determine x(8).
32
Let v(c) = -c**3 + 24*c**2 - 49*c - 233. What is v(22)?
-343
Let r(s) = 4239*s**2 + 58*s + 72. Determine r(-1).
4253
Let u(o) = -o**2 + 376*o - 754. Give u(2).
-6
Let y(t) = t**2 - 174*t - 1051. Determine y(179).
-156
Let i(g) = 174564*g - 349124. Give i(2).
4
Let p(v) = v**3 + 30*v**2 - 187*v - 3018. Give p(-33).
-114
Let t(i) = -i**3 + 513*i**2 - 13101*i - 559. Calculate t(27).
8
Let y(v) = 17*v**2 - 248*v + 926. Calculate y(4).
206
Let a(x) = 1357*x - 55696. Give a(41).
-59
Let a(w) = 124960*w + 999662. What is a(-8)?
-18
Let u(f) = 4*f**3 + 293*f**2 + 67*f - 61. What is u(-73)?
377
Let m(w) = -11934*w + 5465779. Calculate m(458).
7
Let a(i) = i**2 - 15*i - 1894. What is a(50)?
-144
Let n(x) = x**3 + 10*x**2 - 232*x - 2164. Determine n(-16).
12
Let c(v) = -16904*v - 11798978. Calculate c(-698).
14
Let t(l) = -5343*l + 32061. Determine t(6).
3
Let m(y) = -y**2 - 213*y - 2158. Give m(-196).
1174
Let y(n) = -310*n - 4875. Calculate y(-12).
-1155
Let f(p) = -2*p**3 + 185*p**2 - 2039*p + 3156. Determine f(80).
36
Let g(a) = -90*a**2 - 98*a - 118. What is g(-4)?
-1166
Let b(r) = 12*r**3 + 46*r**2 - 1236*r - 4908. Give b(-4).
4
Let p(h) = 324097*h - 2917027. Determine p(9).
-154
Let s(n) = 14*n**2 + 102*n - 2837. Calculate s(11).
-21
Let a(y) = -2951*y**2 + 2352*y + 2350. Give a(-1).
-2953
Let x(s) = -710*s + 20168. What is x(29)?
-422
Let z(j) = -j**2 - 18414*j - 92040. Determine z(-5).
5
Let c(a) = -1275*a + 92168. Give c(72).
368
Let s(w) = -w**3 - 549*w**2 + 14369*w + 10978. Calculate s(-574).
72
Let g(m) = 2*m**3 - 246*m**2 + 471*m + 38. Give g(2).
12
Let f(m) = 724*m + 21266. Determine f(-31).
-1178
Let l(i) = 9*i**2 + 103*i - 1096. Give l(7).
66
Let g(m) = m**3 + 115*m**2 - 1064*m - 83360. What is g(-118)?
420
Let h(n) = -19355*n + 5516156. Determine h(285).
-19
Let x(g) = -37*g + 2176. Calculate x(66).
-266
Let i(n) = 136223*n - 2996907. Determine i(22).
-1
Let a(h) = 34*h**3 + 11344*h**2 - 4034*h - 8685. Calculate a(-334).
-1
Let u(t) = 895*t - 12510. Give u(14).
20
Let n(d) = 342966*d + 1371902. What is n(-4)?
38
Let d(p) = -1735*p**2 + 5001*p + 628. Calculate d(3).
16
Let z(a) = -a**2 + 374*a - 10191. What is z(29)?
-186
Let q(r) = -30*r**3 - 10921*r**2 - 379*r - 5454. Determine q(-364).
6
Let b(t) = 100*t**2 - 724*t + 303. Determine b(7).
135
Let x(s) = -3*s**2 + 1434*s - 165962. What is x(197)?
109
Let d(x) = 2*x**2 + 407*x + 5984. Calculate d(-16).
-16
Let p(v) = 2*v**3 - 19*v**2 + 5011*v - 71912. Determine p(14).
6
Let h(o) = 144*o - 2820. What is h(20)?
60
Let o(f) = f**3 - 45*f**2 + 406*f + 157. What is o(23)?
-2143
Let v(u) = 6618*u + 13077. What is v(-2)?
-159
Let y(m) = -2*m**2 - 761*m - 6145. What is y(-8)?
-185
Let v(k) = -2587*k + 19609. Give v(7).
1500
Let j(q) = 6*q**2 + 4*q - 191. Determine j(12).
721
Let n(o) = 2181*o + 35734. Give n(-16).
838
Let z(i) = -457*i + 38314. What is z(84)?
-74
Let c(q) = 23*q**3 - 898*q**2 + q + 1418. Determine c(39).
-64
Let h(r) = r**3 - 15*r**2 - 30394*r - 1. What is h(-167)?
-1
Let v(b) = 3*b**3 - 2497*b**2 - 48525*b + 8. Calculate v(-19).
-11
Let v(j) = j**3 - 34*j**2 - 1221*j - 906. What is v(56)?
-290
Let f(m) = -10*m**3 + 680*m**2 - 6*m + 77. What is f(68)?
-331
Let t(k) = 35480*k - 425756. Determine t(12).
4
Let p(f) = -11*f**2 - 377*f - 2568. What is p(-7)?
-468
Let i(q) = -5*q**2 + 116*q - 1294. What is i(20)?
-974
Let c(f) = -44741*f + 28992161. Give c(648).
-7
Let l(d) = 1948*d - 198695. What is l(102)?
1
Let t(y) = y**2 - 887*y - 67172. What is t(-70)?
-182
Let w(j) = -j**3 + 1238*j**2 + 6238*j + 40. Give w(-5).
-75
Let c(f) = -3*f**2 - 1237*f + 8518. Determine c(7).
-288
Let m(z) = 2158*z + 1044462. Give m(-484).
-10
Let a(n) = 629*n + 30289. Calculate a(-45).
1984
Let v(r) = -4144*r - 91168. Give v(-22).
0
Let m(l) = -3575*l + 121498. Give m(34).
-52
Let s(q) = 4*q**3 + 145*q**2 + 1276*q + 30. What is s(-15)?
15
Let o(m) = -975*m - 41511. What is o(-42)?
-561
Let h(u) = 34*u**2 + 1840*u + 28. Calculate h(-54).
-188
Let t(j) = j**2 - 47*j - 395. Give t(-9).
109
Let w(h) = -h**3 + 194*h**2 + 6046*h - 17431. Give w(221).
28
Let v(j) = 284*j**2 + 123*j - 223. Give v(2).
1159
Let d(j) = -7*j**2 + 79*j + 394. Give d(16).
-134
Let v(a) = a**3 - 211*a**2 - 5392*a - 62. Give v(-23).
168
Let d(n) = -13*n**2 - 248*n - 1872. Determine d(-7).
-773
Let t(w) = 2*w**2 - 1759*w - 355611. What is t(1049)?
0
Let i(k) = -5*k**3 + 44*k**2 - 110*k + 65. Give i(1).
-6
Let k(v) = -v**2 - 245*v - 6121. Give k(-30).
329
Let f(s) = -s**3 + 12*s**2 + 6*s - 61. Give f(14).
-369
Let f(v) = 6649*v + 259378. What is f(-39)?
67
Let a(f) = -38315*f + 1111147. What is a(29)?
12
Let r(q) = 7743*q - 154659. Calculate r(20).
201
Let s(m) = 2*m**3 + 66*m**2 - 47*m + 187. Give s(-34).
-527
Let d(j) = 10340*j - 310210. Give d(30).
-10
Let v(w) = 408*w**2 - 13064*w + 308. Determine v(32).
52
Let h(f) = -f**3 + 1151*f**2 - 9140*f - 16. Determine h(8).
16
Let r(f) = 2*f**3 + 10*f**2 - 2954*f + 60. Calculate r(36).
-12
Let y(j) = -585*j - 292026. Determine y(-499).
-111
Let z(w) = -w**2 - 3865*w - 57800. Determine z(-15).
-50
Let j(z) = 1282*z + 85267. What is j(-68)?
-1909
Let b(w) = w**3 - 3*w**2 + 266*w + 2828. Give b(-8).
-4
Let o(y) = -3*y**2 + 147*y - 73. What is o(44)?
587
Let f(j) = j**3 + 89*j**2 - 8957*j - 2603. What is f(-149)?
-70
Let v(w) = -10592*w + 434174. Give v(41).
-98
Let y(r) = -151*r**3 + 305*r**2 - 30*r + 50. Give y(2).
2
Let j(s) = 14624*s - 58352. Calculate j(4).
144
Let d(l) = -241*l - 579. What is d(3)?
-1302
Let j(h) = -h**3 - 384*h**2 - 841*h + 258024. Calculate j(-380).
4
Let s(w) = 2*w**3 + 96*w**2 + 1088*w + 3038. What is s(-11)?
24
Let h(l) = 4140*l + 72424. What is h(-18)?
-2096
Let m(t) = 32597*t - 260779. Calculate m(8).
-3
Let t(f) = -11*f**3 + 86*f**2 + 168*f - 1239. What is t(8)?
-23
Let x(b) = -23*b**3 - 551*b**2 - 6*b - 719. Give x(-24).
1
Let k(f) = 5023*f**2 + 125581*f + 157. Give k(-25).
7
Let s(u) = -u**2 - 3386*u + 23769. Give s(7).
18
Let f(p) = p**3 + 93*p**2 + 9*p - 461. What is f(-93)?
-1298
Let i(d) = -d**3 - 150*d**2 - 14*d - 2152. Give i(-150).
-52
Let y(f) = -2*f**2 - 157*f - 197. Determine y(-47).
2764
Let o(k) = 15*k**3 - 117*k**2 + 152*k - 455. Give o(7).
21
Let s(i) = -8*i**2 + 2207*i - 1988. What is s(275)?
-63
Let p(u) = 171*u - 8029. Determine p(61).
2402
Let v(p) = 156*p + 17211. Determine v(-108).
363
Let z(m) = m**2 + 17723*m + 1622079. Determine z(-92).
27
Let x(c) = -3*c**2 + 7*c + 364. What is x(-22)?
-1242
Let x(l) = -413*l - 20122. Give x(-49).
115
Let o(n) = -n**3 - 15*n**2 + 85*n + 645. Calculate o(-5).
-30
Let l(y) = 28077*y - 2105789. What is l(75)?
-14
Let q(i) = 51036*i + 50992. Determine q(-1).
-44
Let w(q) = -q**3 - 119*q**2 - 670*q + 41. Determine w(-6).
-7
Let i(w) = 3*w**3 + 6440*w**2 + 140232*w + 81. Give i(-22).
-7
Let d(g) = -g**3 + 8*g**2 + 27*g - 57. Calculate d(9).
105
Let t(o) = 1493*o + 77192. What is t(-52)?
-444
Let r(t) = -t**3 + 32*t**2 + 328*t - 3823. Determine r(38).
-23
Let t(z) = -z**2 - 10058*z - 90474. Calculate t(-9).
-33
Let u(z) = -50030*z + 400367. Determine u(8).
127
Let g(y) = y**3 - 55*y**2 - 26*y + 2. Determine g(-3).
-442
Let u(c) = -c**3 + 6*c**2 - 945*c + 7690. Give u(8).
2
Let a(k) = -993*k**2 + 107244*k + 3. Calculate a(108).
3
Let d(g) = 282*g**3 - 1403*g**2 - 40*g + 21. Calculate d(5).
-4
Let n(u) = -2672*u - 72126. What is n(-27)?
18
Let k(r) = 14*r**2 + 205*r + 165. Calculate k(-15).
240
Let y(p) = 656*p + 19519. Calculate y(-30).
-161
Let v(c) = 81*c - 6382. Give v(75).
-307
Let r(g) = 264*g + 32298. What is r(-121)?
354
Let m(d) = -36*d**2 + 8172*d + 40916. Determine m(-5).
-844
Let o(s) = 22082*s - 32990509. Calculate o(1494).
-1
Let y(t) = -t**2 + 8003*t - 87910. Calculate y(11).
2
Let j(g) = g**3 - 7*g**2 - 467*g - 913. What is j(-2)?
-15
Let d(w) = w**2 + 103*w + 1883. Calculate d(-73).
-307
Let n(y) = 5694*y + 324472. Give n(-57).
-86
Let g(j) = 